(-4).
74
Let y(o) = 163*o + 478. Give y(-3).
-11
Let s(r) = 68*r**2 - 58*r - 1. Give s(1).
9
Let g(y) = -y**2 - 8*y + 175. Give g(10).
-5
Let h(o) = -o**2 - 52*o + 844. What is h(13)?
-1
Let w(t) = -154*t - 6535. Determine w(-42).
-67
Let t(i) = i**2 - 90*i - 4329. Calculate t(125).
46
Let k(x) = -x**2 - 630*x - 4970. Determine k(-8).
6
Let v(a) = -70*a + 2484. Calculate v(37).
-106
Let k(h) = h**2 - 10*h - 20. What is k(-5)?
55
Let d(k) = -k**2 + 24*k + 484. Determine d(-13).
3
Let a(y) = -12*y - 531. Determine a(-37).
-87
Let g(m) = -416*m - 86534. Determine g(-208).
-6
Let v(b) = -b + 99. What is v(92)?
7
Let f(n) = -173*n + 690. Determine f(4).
-2
Let d(o) = 2*o**3 - 27*o**2 - 42*o + 130. Calculate d(15).
175
Let a(c) = c**3 - 22*c**2 + 21*c. Give a(21).
0
Let l(n) = -2*n**3 - 33*n**2 + 32*n - 25. What is l(-18)?
371
Let p(l) = -l**3 + 13*l**2 - 219*l + 1607. Calculate p(9).
-40
Let f(y) = -y**3 - 24*y**2 - 16*y + 357. Calculate f(-23).
196
Let z(h) = -6569*h + 6505. Determine z(1).
-64
Let h(o) = 41*o - 924. Give h(20).
-104
Let u(h) = 5*h**3 + h**2 + 2*h - 20. What is u(0)?
-20
Let r(a) = -a**2 - 91*a + 1829. Determine r(-108).
-7
Let o(q) = -q**3 + 4*q**2 - 28*q + 125. Calculate o(4).
13
Let l(d) = d**3 - 64*d**2 - 8*d + 514. Calculate l(64).
2
Let w(q) = -1551*q - 32585. What is w(-21)?
-14
Let o(c) = 963*c + 22190. Calculate o(-23).
41
Let y(v) = 10*v**2 + 20*v + 4. Calculate y(-3).
34
Let u(p) = -p**2 - 71*p - 1130. Determine u(-25).
20
Let a(m) = m**2 + 27774*m - 111100. Determine a(4).
12
Let d(w) = -160*w - 19. Calculate d(-4).
621
Let w(a) = a**3 + 12*a**2 - 6*a + 583. What is w(-15)?
-2
Let b(j) = 728*j + 14560. Determine b(-20).
0
Let h(v) = -18*v - 277. Calculate h(-14).
-25
Let x(s) = 5*s - 13. Determine x(-11).
-68
Let x(p) = p**2 - 2*p - 95. Determine x(-8).
-15
Let j(w) = -54*w**2 + 20362*w - 1503. Determine j(377).
5
Let v(a) = -a**3 + 29*a**2 + 158*a - 2952. Calculate v(31).
24
Let g(d) = d**3 - 8*d**2 + 50*d - 362. Give g(8).
38
Let p(m) = 16*m**3 + 3*m**2 - 182*m + 180. What is p(1)?
17
Let c(j) = j**3 - 38*j**2 + 111*j - 17. What is c(35)?
193
Let u(s) = 10*s**3 + 72*s**2 - 3*s - 114. What is u(-7)?
5
Let g(h) = -h**3 - 26*h**2 - 71*h - 57. Give g(-23).
-11
Let f(n) = n**3 - 8*n**2 - 5*n - 5. Calculate f(9).
31
Let x(w) = 4621*w - 4584. Give x(1).
37
Let h(j) = 44*j - 17. Give h(-5).
-237
Let v(b) = -b**2 + 9*b - 46. Give v(4).
-26
Let x(o) = 11*o + 58. Give x(-6).
-8
Let b(r) = 19*r + 627. Give b(-35).
-38
Let c(n) = 75*n + 4047. Determine c(-54).
-3
Let k(g) = 7*g**2 + 465*g + 934. What is k(-2)?
32
Let h(b) = -36*b**2 + 1404*b + 7. What is h(39)?
7
Let o(v) = 7*v**2 - 57*v + 88. Give o(2).
2
Let p(y) = y**2 + 110*y + 2543. What is p(-32)?
47
Let d(t) = 109*t - 2173. Calculate d(20).
7
Let k(n) = -2*n**3 + 143*n**2 - 739*n + 856. Calculate k(66).
-2
Let i(c) = 4*c**3 + 336*c**2 - 5*c - 418. What is i(-84)?
2
Let z(s) = 22*s**2 + 78*s + 88. Calculate z(-2).
20
Let l(o) = 23*o + 133. What is l(-10)?
-97
Let c(x) = -2*x**2 - 229*x + 1. What is c(0)?
1
Let d(b) = 2*b**2 + 183*b - 2594. Calculate d(-104).
6
Let s(c) = -4*c**2 - 476*c - 1846. Determine s(-4).
-6
Let m(b) = 9*b**3 - 2*b**2 + 3*b. Give m(2).
70
Let a(x) = x**3 - 390*x**2 + 775*x + 391. Give a(388).
3
Let l(y) = 18*y**2 - 934*y - 92. What is l(52)?
12
Let v(j) = 5*j**2 - 13*j - 21. Give v(4).
7
Let c(n) = -15*n**2 - 198*n - 42. Calculate c(-13).
-3
Let u(y) = -230*y + 25049. Determine u(109).
-21
Let x(c) = -6*c**3 + 58*c**2 + 20*c - 42. Give x(9).
462
Let x(f) = f**2 + 31*f + 270. Give x(-21).
60
Let c(w) = w**2 + 751*w + 2240. What is c(-3)?
-4
Let q(c) = 2*c**3 + 9*c**2 - 8*c - 2. Give q(-5).
13
Let z(d) = -2*d**3 - 10*d**2 + 51*d + 99. Give z(-2).
-27
Let x(w) = 6*w**2 + w - 6. Determine x(2).
20
Let x(j) = 44*j + 2236. Give x(-51).
-8
Let z(d) = -155*d - 741. Determine z(-5).
34
Let u(q) = -q**3 + 32*q**2 - 258*q + 80. Determine u(11).
-217
Let h(w) = w**3 - w**2 - w - 30. What is h(-5)?
-175
Let c(n) = 3747*n - 41222. Calculate c(11).
-5
Let p(t) = -343*t + 890. Determine p(3).
-139
Let a(q) = 27*q - 730. Determine a(27).
-1
Let b(h) = -2*h**2 + 832*h - 83643. Give b(246).
-3
Let o(d) = d**2 + 55*d + 273. Determine o(-48).
-63
Let i(k) = -14*k**2 + 374*k - 10. Calculate i(27).
-118
Let f(r) = -4179*r + 12539. Give f(3).
2
Let q(o) = -5*o**2 - 65*o - 13. What is q(-6)?
197
Let q(i) = i**2 - 28*i - 521. Give q(41).
12
Let c(i) = 41*i**2 + 5*i + 3. What is c(-1)?
39
Let x(b) = b**2 + 47*b + 126. Calculate x(-37).
-244
Let s(r) = -78*r**2 + 7804*r - 408. Calculate s(100).
-8
Let y(o) = 2*o**3 + 42*o**2 + 158*o - 15. Give y(-5).
-5
Let i(h) = 2*h**3 - 3*h**2 - 16*h - 27. Calculate i(-2).
-23
Let o(m) = -6*m**2 - 66*m + 510. What is o(9)?
-570
Let j(o) = 231*o + 14542. Give j(-63).
-11
Let z(y) = -y**3 + 22*y**2 - 11*y - 217. Calculate z(21).
-7
Let w(t) = -9*t + 77. Calculate w(-2).
95
Let s(a) = a**3 - 22*a**2 + 28*a + 234. Determine s(20).
-6
Let w(v) = -128*v + 278. Determine w(3).
-106
Let v(o) = 7*o**2 - 268*o - 21. Determine v(38).
-97
Let s(o) = -20*o + 135. Give s(6).
15
Let b(d) = d - 33. Calculate b(-7).
-40
Let g(t) = -t**2 - 83*t - 1707. What is g(-41)?
15
Let h(k) = 83*k - 1131. What is h(13)?
-52
Let l(p) = 1358*p - 17628. Determine l(13).
26
Let w(a) = -25*a**2 + 127*a + 12. What is w(5)?
22
Let i(j) = 134*j + 5784. Calculate i(-43).
22
Let j(b) = b**3 - 4*b**2 - 45*b - 21. Calculate j(9).
-21
Let b(v) = v**3 - 79*v**2 + 234*v + 4956. Determine b(75).
6
Let y(s) = 14*s**2 - 113*s + 36. Determine y(7).
-69
Let s(a) = a**3 - 7*a**2 + 23*a - 89. Calculate s(6).
13
Let j(i) = -i**3 - 19*i**2 + 12*i - 78. Give j(-20).
82
Let p(a) = 302*a + 947. Calculate p(-3).
41
Let b(t) = t**3 - 34*t**2 - 297*t + 3983. Calculate b(39).
5
Let s(a) = 5288*a - 15854. Calculate s(3).
10
Let r(m) = 3*m**2 - 142*m + 272. Calculate r(2).
0
Let i(m) = 13*m**3 + 23*m**2 - 111*m - 5. What is i(-4)?
-25
Let o(r) = 3*r**3 + 37*r**2 - 46*r + 41. Give o(-14).
-295
Let w(b) = 4388*b - 109704. What is w(25)?
-4
Let p(n) = -n + 78. Give p(6).
72
Let b(q) = -21*q**2 + 901*q + 96. Determine b(43).
10
Let w(x) = 39*x**2 - 6*x - 9. Calculate w(-1).
36
Let b(w) = w**3 + 31*w**2 - 68*w + 5. Give b(2).
1
Let o(p) = -29*p - 1417. Calculate o(-57).
236
Let x(q) = -1337*q - 14745. What is x(-11)?
-38
Let x(y) = 1327*y + 1316. Calculate x(-1).
-11
Let s(x) = -3*x**2 - 25*x - 47. Determine s(0).
-47
Let j(c) = -c**3 - 5*c**2 + 26*c + 15. Determine j(-8).
-1
Let b(d) = -5*d**3 - 302*d**2 - 113*d + 452. Give b(-60).
32
Let t(l) = -l**2 + 7*l + 94. What is t(-7)?
-4
Let w(u) = -u**3 - 12*u**2 + 47*u - 40. Calculate w(-16).
232
Let w(v) = v**3 - 26*v**2 - 2*v - 109. What is w(26)?
-161
Let w(z) = -z**2 + 485*z - 2893. Calculate w(6).
-19
Let m(g) = -2*g**3 - 32*g**2 - 35*g. Calculate m(-15).
75
Let y(s) = s**2 + 57*s + 665. Give y(-42).
35
Let k(c) = c**3 + 14*c**2 + 32*c + 2. Give k(-13).
-245
Let g(s) = 5645*s - 5658. Calculate g(1).
-13
Let i(f) = -2*f**2 - 2*f + 79. Determine i(7).
-33
Let q(y) = -37*y - 156. Give q(-4).
-8
Let f(j) = -7285*j - 29158. Determine f(-4).
-18
Let a(k) = k**3 - 69*k**2 + 320*k + 14. What is a(64)?
14
Let g(p) = -4*p - 338. Determine g(-79).
-22
Let t(a) = 2*a**2 + 29*a - 143. Give t(4).
5
Let c(s) = 3*s**3 + 21*s**2 - 188*s - 1084. What is c(-5)?
6
Let u(y) = 570*y + 3344. What is u(-5)?
494
Let g(v) = -72*v**2 + 1150*v - 10. Give g(16).
-42
Let k(m) = -18*m - 267. What is k(-17)?
39
Let s(y) = -y**2 + 26*y + 571. Determine s(40).
11
Let n(j) = -j**3 - 14*j**2 + 2*j + 175. Give n(-10).
-245
Let s(j) = -76*j + 3690. Determine s(49).
-34
Let m(f) = -31*f - 710. Give m(-23).
3
Let p(h) = -61*h + 489. Give p(8).
1
Let s(k) = -6*k**2 + 12*k + 87. Give s(-5).
-123
Let w(y) = y - 9. Determine w(17).
8
Let w(x) = 657*x + 2664. What is w(-4)?
36
Let i(s) = -171*s + 341. Determine i(2).
-1
Let t(r) = -7*r - 611. Calculate t(-87).
-2
Let b(s) = 52*s - 33. Calculate b(6).
279
Let k(i) = 2*i**3 - 12*i**2 + 14*i - 26. Give k(6).
58
Let u(w) = 3*w**2 + 97*w - 147. Determine u(-33).
-81
Let h(m) = 148*m**2 + 647*m + 647. Calculate h(-1).
148
Let a(t) = t**2 + 50*t + 95. Give a(-48).
-1
Let r(n) = -17*n - 193. Give r(-8).
-57
Let i(s) = 76*s - 2979. Calculate i(39).
-15
Le